{"id":7072,"date":"2024-10-16T15:25:31","date_gmt":"2024-10-16T18:25:31","guid":{"rendered":"https:\/\/totalmuebles.cl\/?post_type=product&#038;p=7072"},"modified":"2025-08-25T13:02:43","modified_gmt":"2025-08-25T16:02:43","slug":"colchon-comfort-resorte-bonnell-1-5-plazas-alto-21cm-color-gris","status":"publish","type":"product","link":"https:\/\/totalmuebles.cl\/?product=colchon-comfort-resorte-bonnell-1-5-plazas-alto-21cm-color-gris","title":{"rendered":"Colch\u00f3n Comfort Resorte Bonnell 1.5 Plazas \/ Alto 21cm Color Gris"},"content":{"rendered":"<h2 class=\"ui-pdp-description__title\">Descripci\u00f3n<\/h2>\n<p class=\"ui-pdp-description__content\">La tecnolog\u00eda del colch\u00f3n Comfort est\u00e1 compuesta de una estructura de resorte bonnell de 12 cm que asegura un soporte \u00f3ptimo en todo el cuerpo; su capa de confort Tight Top es de espuma compactada D20, que aporta mayor firmeza al dormir. Tambi\u00e9n en su ingenier\u00eda, colocamos el Strong Feld Pad que junto al borde de espuma r\u00edgida ayuda en la durabilidad del producto. La altura del colch\u00f3n, sumada a la de su base, contribuye significativamente al aspecto y funcionalidad de su habitaci\u00f3n. Pero m\u00e1s importante a\u00fan, tendr\u00e1 un impacto directo en el confort que experimentar\u00e1 al levantarse y acostarse cada d\u00eda.<\/p>\n<p>Tama\u00f1o: 1.5 Plazas<br \/>\nResorte: Bonnell<br \/>\nMaterial de tela: Poli\u00e9ster tricot<br \/>\nRelleno: Espuma Compactada D20<br \/>\nSistema de ventilaci\u00f3n: S\u00ed<br \/>\nNivel de firmeza: Media<br \/>\nPeso: Hasta 120 kg por persona<br \/>\nNivel de confort: Intermedio<\/p>\n<p>MEDIDAS:<br \/>\nAlto: 21 cm<br \/>\nAncho: 105 cm<br \/>\nProfundidad: 190 cm<\/p>\n","protected":false},"excerpt":{"rendered":"<div class=\"mfn-icon-box mfn-icon-box-top mfn-icon-box-center\">\n<div class=\"icon-wrapper\" style=\"text-align: center;\">Dise\u00f1amos muebles a medida,<\/div>\n<div class=\"desc-wrapper\" style=\"text-align: center;\">\n<p>solo cont\u00e1ctenos por WhatsApp, o al Correo.<\/p>\n<p>contacto@totalmuebles.cl<\/p>\n<p>+56942083896<\/p>\n<p>Env\u00edos para todo Chile Tiempo de Entrega de 3 \u2013 5 d\u00edas h\u00e1biles.<\/p>\n<\/div>\n<\/div>\n<h4 class=\"title\" style=\"text-align: center;\"><img decoding=\"async\" class=\"aligncenter\" src=\"https:\/\/media.istockphoto.com\/id\/1322673846\/es\/vector\/pegatina-de-env%C3%ADo-gratis-entrega-gratuita-insignia-con-cami%C3%B3n-vector-en-fondo-aislado-eps-10.jpg?s=612x612&amp;w=0&amp;k=20&amp;c=xPzW7KxoC9Dfol2aOc3UCOtOms7mCvqWMYruzN8pL-w=\" alt=\"2.200+ Env\u00edo Gratis Fotograf\u00edas de stock, fotos e im\u00e1genes ...\" width=\"87\" height=\"87\" \/><\/h4>\n<div class=\"mfn-icon-box mfn-icon-box-top mfn-icon-box-center\">\n<div class=\"desc-wrapper\">\n<p style=\"text-align: center;\">SOMOS FABRICANTES<\/p>\n<\/div>\n<\/div>\n","protected":false},"featured_media":7064,"comment_status":"open","ping_status":"closed","template":"","meta":[],"product_brand":[],"product_cat":[156,152],"product_tag":[],"class_list":{"0":"post-7072","1":"product","2":"type-product","3":"status-publish","4":"has-post-thumbnail","6":"product_cat-habitacion","7":"product_cat-hogar","9":"first","10":"instock","11":"taxable","12":"shipping-taxable","13":"purchasable","14":"product-type-simple","15":"add-to-wishlist-after_add_to_cart"},"_links":{"self":[{"href":"https:\/\/totalmuebles.cl\/index.php?rest_route=\/wp\/v2\/product\/7072","targetHints":{"allow":["GET"]}}],"collection":[{"href":"https:\/\/totalmuebles.cl\/index.php?rest_route=\/wp\/v2\/product"}],"about":[{"href":"https:\/\/totalmuebles.cl\/index.php?rest_route=\/wp\/v2\/types\/product"}],"replies":[{"embeddable":true,"href":"https:\/\/totalmuebles.cl\/index.php?rest_route=%2Fwp%2Fv2%2Fcomments&post=7072"}],"wp:featuredmedia":[{"embeddable":true,"href":"https:\/\/totalmuebles.cl\/index.php?rest_route=\/wp\/v2\/media\/7064"}],"wp:attachment":[{"href":"https:\/\/totalmuebles.cl\/index.php?rest_route=%2Fwp%2Fv2%2Fmedia&parent=7072"}],"wp:term":[{"taxonomy":"product_brand","embeddable":true,"href":"https:\/\/totalmuebles.cl\/index.php?rest_route=%2Fwp%2Fv2%2Fproduct_brand&post=7072"},{"taxonomy":"product_cat","embeddable":true,"href":"https:\/\/totalmuebles.cl\/index.php?rest_route=%2Fwp%2Fv2%2Fproduct_cat&post=7072"},{"taxonomy":"product_tag","embeddable":true,"href":"https:\/\/totalmuebles.cl\/index.php?rest_route=%2Fwp%2Fv2%2Fproduct_tag&post=7072"}],"curies":[{"name":"wp","href":"https:\/\/api.w.org\/{rel}","templated":true}]}}